c) = -1667*c - 4945. What is n(-3)?
56
Let b(u) = 1292582*u + 1292583. Calculate b(-1).
1
Let i(u) = -2*u**2 + 738*u + 31824. Give i(-39).
0
Let z(q) = 579000*q - 10422000. Give z(18).
0
Let n(z) = 9500*z - 19178. What is n(2)?
-178
Let k(t) = -28844*t + 1874864. What is k(65)?
4
Let c(u) = 4*u**2 - 93*u - 10915. Give c(65).
-60
Let u(q) = q**3 + q**2 - 270*q + 2505. Determine u(10).
905
Let r(l) = -2*l**3 + 23*l**2 + 132*l - 1430. What is r(11)?
143
Let c(v) = 1907*v - 24682. What is c(13)?
109
Let j(f) = 51*f**3 + 663*f**2 + 101*f + 1315. Give j(-13).
2
Let c(d) = -d**2 + 12193*d - 2221484. Give c(185).
-4
Let m(y) = -y**2 - 8625*y + 2640602. Calculate m(296).
-14
Let n(o) = 4761383*o - 4761399. Calculate n(1).
-16
Let c(x) = -2*x**3 - 1519*x**2 - 287924*x - 6. Give c(-364).
-6
Let b(y) = -3*y**3 - 1529*y + 146. Determine b(0).
146
Let h(i) = 26*i**3 + 15*i**2 - 3279*i - 3295. Give h(-1).
-27
Let m(c) = -4*c**3 - 13*c**2 - 19824*c - 59457. Calculate m(-3).
6
Let f(a) = 15227*a + 13. Calculate f(0).
13
Let n(v) = v**3 - 21*v**2 - 24*v + 63. Calculate n(20).
-817
Let r(y) = -y**3 + 14*y**2 + 234*y + 2159. Calculate r(-9).
1916
Let x(w) = -54680*w - 109348. What is x(-2)?
12
Let q(b) = -b**3 + 30*b**2 + 255*b + 1867. Calculate q(38).
5
Let h(l) = 2*l**3 + 113*l**2 - 196*l - 7946. Determine h(-57).
-23
Let u(b) = -b**3 + 54*b**2 + 293*b - 19455. Calculate u(20).
5
Let p(s) = 22*s**2 + 583*s - 16975. Give p(-44).
-35
Let j(x) = 427*x**2 - 27*x - 1. What is j(1)?
399
Let i(l) = -934*l**2 - 183996*l + 474. What is i(-197)?
80
Let g(c) = 125407*c - 501809. Determine g(4).
-181
Let p(w) = 734*w**2 - 566*w - 156. Calculate p(1).
12
Let c(v) = -24*v**2 + 2*v - 22. What is c(-5)?
-632
Let c(l) = 626*l + 61121. Determine c(-97).
399
Let x(j) = 198*j - 27436. Determine x(137).
-310
Let y(w) = 2*w**2 + 50685*w - 557771. What is y(11)?
6
Let r(y) = 1941*y**2 + 29112*y - 41. Give r(-15).
4
Let b(q) = 9*q**3 + 17*q**2 + 112*q + 53. Calculate b(-5).
-1207
Let h(g) = -60117*g**2 - 60124*g - 13. What is h(-1)?
-6
Let r(v) = 94*v + 29772. Determine r(-329).
-1154
Let c(k) = -7*k**2 - 173*k - 39. Give c(-26).
-273
Let z(i) = -12*i**2 + 447*i - 26. Calculate z(38).
-368
Let k(l) = 53*l**2 + 13438*l + 26884. Give k(-2).
220
Let x(d) = d**2 + 53*d - 3863. What is x(-94)?
-9
Let u(g) = 348*g**2 - 4291*g + 17. Determine u(12).
-1363
Let b(d) = -247*d + 12486. What is b(50)?
136
Let s(z) = 31*z**3 - 73*z**2 + 19*z + 11. Calculate s(3).
248
Let l(b) = 360*b + 8266. Give l(-15).
2866
Let z(f) = 2268*f - 24325. Calculate z(11).
623
Let t(m) = -2*m**3 + 44*m**2 + 3805*m - 83697. Determine t(22).
13
Let s(z) = 40*z**2 - 3395*z - 391. Give s(85).
34
Let g(v) = -92*v - 23766. Calculate g(-174).
-7758
Let a(h) = 370*h + 6590. Determine a(-17).
300
Let j(a) = -97*a**2 - 343*a + 1890. What is j(6)?
-3660
Let k(v) = v**3 + 113*v**2 + 908*v - 2903. What is k(-104)?
9
Let d(j) = -238*j**2 + 36*j + 59. Determine d(-2).
-965
Let m(d) = d**3 - 40*d**2 - 803*d + 96. What is m(-15)?
-234
Let t(j) = -18*j**2 + 7496*j + 84617. What is t(-11)?
-17
Let d(l) = -6*l**2 + 4*l - 1278. Give d(0).
-1278
Let t(k) = 13062*k - 52208. Determine t(4).
40
Let v(z) = z**3 - 24*z**2 - 216*z + 132. What is v(31)?
163
Let m(y) = y**2 - 156*y + 2765. Give m(21).
-70
Let a(u) = 2*u**3 + 163*u**2 - 1750*u - 1908. What is a(-91)?
3
Let w(z) = 2576*z - 747168. Determine w(290).
-128
Let m(f) = -550*f - 22059. What is m(-40)?
-59
Let q(d) = 4*d**2 - 462*d + 5326. Calculate q(13).
-4
Let o(r) = -2*r**2 - 20607*r + 3093655. Determine o(148).
11
Let j(c) = -2596*c - 23302. Calculate j(-9).
62
Let m(i) = -154681*i - 618823. Determine m(-4).
-99
Let t(x) = 4*x**2 + 834*x - 6469. Calculate t(-216).
11
Let z(g) = 3*g**2 - 13976*g + 181196. Calculate z(13).
15
Let h(z) = 975*z + 1898. What is h(-2)?
-52
Let w(k) = -k**3 + 10*k**2 - 39013*k + 429156. Calculate w(11).
-108
Let l(f) = 226*f - 7227. Give l(33).
231
Let p(f) = 3*f**3 + 24*f**2 + 6*f + 105. Determine p(-8).
57
Let z(n) = 5*n**2 - 75*n - 400. Determine z(-7).
370
Let w(k) = -k**3 - 56*k**2 + 113*k - 369. Determine w(-58).
-195
Let v(h) = -62628*h - 2129360. Give v(-34).
-8
Let q(t) = 17*t**2 - 1929*t - 9084. What is q(118)?
2
Let j(l) = -6109*l - 91636. Calculate j(-15).
-1
Let w(p) = -2*p**3 - 13*p**2 + 188*p + 12. Calculate w(7).
5
Let l(y) = y**2 + 1475*y - 224423. Calculate l(139).
-77
Let h(q) = q**3 - 79*q**2 + 573*q - 189. Determine h(7).
294
Let v(z) = -9*z**2 + 572*z - 8245. Give v(32).
843
Let n(l) = l**3 - 1470*l**2 - 7446*l - 350. Calculate n(-5).
5
Let m(g) = -9*g**2 + 716*g + 13241. Give m(95).
36
Let j(h) = 1104*h - 201. What is j(1)?
903
Let w(x) = 7018*x + 659690. What is w(-94)?
-2
Let h(z) = -947*z**2 - 2840*z + 14. Determine h(-3).
11
Let c(z) = -z**2 + 3770*z - 3470277. Determine c(1597).
4
Let x(w) = -20979*w + 20706283. Give x(987).
10
Let s(f) = -1780*f + 23982. Determine s(14).
-938
Let b(v) = -2*v**2 + 1660*v - 185446. Give b(133).
-44
Let d(m) = -38*m**3 - 4106*m**2 - 248*m - 3445. Calculate d(-108).
11
Let d(h) = -6*h**2 + 1540*h - 18538. What is d(244)?
6
Let p(f) = -278*f - 30078. What is p(-107)?
-332
Let w(y) = -60190*y + 722285. What is w(12)?
5
Let a(m) = 997*m**2 + 7142*m + 14287. Determine a(-2).
3991
Let j(p) = -40*p**2 + 5417*p - 2295. Calculate j(135).
0
Let z(s) = -17*s**2 + 2582*s - 9783. Give z(148).
-15
Let t(h) = -h**2 - 280*h + 23204. Calculate t(-347).
-45
Let j(i) = -2*i**3 + 970*i**2 - 811*i - 76001. What is j(484)?
-13
Let q(t) = 84*t**2 - 19464*t - 5549. What is q(232)?
19
Let l(o) = o**2 - 1532*o + 105269. Determine l(72).
149
Let r(z) = 4124*z + 160939. Determine r(-39).
103
Let b(m) = -m**3 + 171*m**2 + 700*m - 37. Determine b(175).
-37
Let c(u) = 294*u + 24103. Calculate c(-82).
-5
Let g(q) = -11*q**2 - 715*q - 11367. What is g(-26)?
-213
Let q(v) = -3332*v + 166456. Determine q(50).
-144
Let v(c) = 16*c**2 - 48*c + 414. Give v(6).
702
Let x(n) = n**3 + 7*n**2 - 587*n - 1808. Calculate x(-3).
-11
Let c(k) = 8*k**2 + 14*k + 17. Determine c(-12).
1001
Let i(j) = -269*j**2 - 2955*j + 38. Calculate i(-11).
-6
Let d(q) = -32*q**2 + 20482*q + 60440. Calculate d(643).
-2
Let b(a) = 235*a + 33709. Give b(-148).
-1071
Let g(q) = -5*q**2 + 204*q - 89. Calculate g(42).
-341
Let b(s) = -23*s**2 + 285*s - 929. What is b(4)?
-157
Let o(r) = -22*r**2 - 12551*r - 62706. Give o(-5).
-501
Let d(o) = -4*o**2 + 8*o + 1161. Give d(18).
9
Let j(b) = -b**3 + 93*b**2 - 2052*b - 504. Determine j(55).
1586
Let z(w) = -w**3 - 58*w**2 - 29*w - 1481. What is z(-58)?
201
Let r(b) = -15*b**3 - 1632*b**2 + 1982*b + 236. Determine r(-110).
16
Let b(o) = -2*o**2 + 3896*o - 19481. Determine b(5).
-51
Let v(f) = -1718*f + 20480. Determine v(12).
-136
Let l(b) = -3*b + 1574. What is l(35)?
1469
Let t(q) = q**3 + 83*q**2 + 416*q + 34426. Give t(-83).
-102
Let u(r) = -5497*r - 10977. Calculate u(-2).
17
Let a(c) = -677*c**2 + 58903*c - 378. What is a(87)?
-30
Let i(v) = 3*v**3 + 19*v**2 - 2614*v - 15722. Calculate i(-6).
-2
Let v(w) = 1478*w - 16096. What is v(11)?
162
Let k(h) = -1240*h + 176081. What is k(142)?
1
Let t(a) = -11*a**2 - 1654*a + 508. What is t(-151)?
-549
Let t(x) = x**3 + 592*x**2 + 5919*x + 41. Give t(-10).
-949
Let z(q) = 71*q**2 + 17*q - 5. Calculate z(2).
313
Let t(z) = -335*z**2 + 4329*z + 328. Determine t(13).
-10
Let c(a) = a**3 - 22*a**2 + 131*a + 14. Determine c(18).
1076
Let w(b) = -3*b**2 - 43360*b + 477089. Determine w(11).
-234
Let k(f) = 4617*f - 18538. Give k(4).
-70
Let r(b) = -9056*b - 253573. Determine r(-28).
-5
Let u(j) = -65*j**2 + 2470*j + 50. What is u(39)?
-2485
Let o(w) = 273*w - 326510. Give o(1196).
-2
Let y(s) = 9269*s + 100338. Calculate y(-11).
-1621
Let o(s) = s**3 - 6*s**2 + 158*s - 778. What is o(5)?
-13
Let b(c) = 6*c**2 - 212*c - 90. Calculate b(28).
-1322
Let u(w) = 1573*w**3 + 7865*w**2 - 2*w - 13. Give u(-5).
-3
Let o(m) = 18*m**2 - 387*m - 34787. What is o(56)?
-11
Let p(h) = 1305*h - 7088. Give p(10).
5962
Let d(z) = -174875*z - 2273356. Determine d(-13).
19
Let i(b) = 8*b**2 + 95*b + 17. What is i(-12)?
29
Let t(x) = -749*x + 24020. Give t(32).
52
Let w(u) = -4*u**2 + 5959*u - 433778. What is w(1413)?
13
Let o(b) = -151*b**2 + 3319*b + 140. Calculate o(22).
74
Let s(v) = 1618*v + 768